t p(y) = 12*y**3 - 13*y**2 - 47*y - 1. What is p(-3)?
-301
Let s(j) = -5*j**3 + j**2 - 39*j + 192. Give s(4).
-268
Let j(h) = -128*h**3 + h**2 - 2. Calculate j(-1).
127
Let z(a) = -a**3 - 12*a**2 - 17*a - 38. Calculate z(-11).
28
Let q(k) = -k**2 + 696*k - 1394. Determine q(2).
-6
Let r(o) = o**3 + 4*o**2 + 2*o - 48. What is r(-4)?
-56
Let s(t) = -76*t + 225. Calculate s(3).
-3
Let j(m) = 79*m - 552. Give j(9).
159
Let y(s) = -132*s + 1938. Give y(14).
90
Let j(v) = v**3 + 128*v**2 + 2742*v + 1519. What is j(-101)?
4
Let v(t) = 4*t + 86. Give v(0).
86
Let f(j) = j**3 + 32*j**2 + 10*j + 151. Give f(-32).
-169
Let i(q) = q**2 + 27*q - 2123. Calculate i(-62).
47
Let k(t) = -t**3 + 12*t**2 - 9*t + 15. What is k(9)?
177
Let m(f) = -5*f**2 + 30*f + 4. Calculate m(0).
4
Let h(m) = 11115*m - 11122. Calculate h(1).
-7
Let o(s) = s**3 + 32*s**2 - 186*s - 42. Calculate o(-37).
-5
Let z(n) = -2*n**3 - n**2 - 42*n + 82. What is z(2)?
-22
Let j(d) = -5*d**2 - 59*d - 113. Determine j(-9).
13
Let h(f) = f**2 + 28*f + 143. Give h(-22).
11
Let d(m) = -2*m**3 - 3*m**2 + 92*m - 2. Determine d(6).
10
Let v(u) = u**3 - 25*u**2 + 47*u - 3. Determine v(23).
20
Let u(s) = -s**2 + 223*s + 1367. What is u(-6)?
-7
Let u(y) = 1063*y + 2121. What is u(-2)?
-5
Let u(t) = 55*t + 249. What is u(-8)?
-191
Let o(p) = -14*p**2 - 617*p - 27. Give o(-44).
17
Let j(d) = -70*d - 83. Give j(-1).
-13
Let t(v) = v**3 - 14*v**2 - 25. Give t(14).
-25
Let f(u) = -7*u**2 + 197*u - 52. Calculate f(28).
-24
Let z(p) = 2*p**3 - 310*p**2 + 287*p + 3241. Calculate z(154).
7
Let c(h) = -h**2 + 48*h + 476. Give c(-9).
-37
Let q(r) = -16*r**2 + 86*r - 18. Calculate q(5).
12
Let g(o) = 8*o**3 + o**2 + 35*o + 65. Calculate g(-2).
-65
Let j(v) = 8*v**2 - 123*v + 146. Give j(14).
-8
Let z(j) = -j**3 + 38*j**2 + 168*j - 3. Calculate z(42).
-3
Let p(w) = 3*w**3 - 221*w**2 + 144*w + 137. Determine p(73).
-9
Let x(t) = 2*t**3 + 80*t**2 + 70*t - 291. Determine x(-39).
21
Let b(m) = 8*m + 187. What is b(-19)?
35
Let b(o) = -734*o + 2167. Calculate b(3).
-35
Let j(c) = -c**2 - 85*c - 531. Determine j(-7).
15
Let k(m) = -m**3 - 44*m**2 - 111*m - 1143. Calculate k(-42).
-9
Let j(c) = c**3 - 13*c**2 + 52*c + 12. What is j(8)?
108
Let w(p) = -19*p**2 + 213*p + 327. Determine w(13).
-115
Let d(m) = 1622*m + 30819. Calculate d(-19).
1
Let g(b) = 105*b - 5140. Calculate g(49).
5
Let f(c) = -241*c**2 + 27*c - 26. What is f(1)?
-240
Let i(k) = 2*k**2 + 10*k + 8. What is i(-7)?
36
Let j(w) = -w**3 - 148*w**2 + 1081*w - 651. What is j(-155)?
-31
Let g(u) = 261*u - 4191. Determine g(16).
-15
Let l(z) = 23*z**2 + 1917*z + 677. Calculate l(-83).
13
Let f(z) = -64*z - 555. Calculate f(-9).
21
Let n(x) = -x**3 - 18*x**2 - 17*x + 15. Determine n(-8).
-489
Let h(u) = 2*u**2 + 153*u - 3. Calculate h(0).
-3
Let q(r) = -975*r + 11686. What is q(12)?
-14
Let i(u) = 222*u - 34408. What is i(155)?
2
Let c(v) = -34*v - 997. Calculate c(-37).
261
Let t(j) = -j**2 - 281*j - 18994. Determine t(-114).
44
Let j(h) = -h**3 - 29*h**2 + 37*h - 53. Determine j(-30).
-263
Let r(n) = 2*n**3 - 43*n**2 + 134*n - 2377. Calculate r(21).
-4
Let o(s) = -s**3 + 46*s**2 - 334*s - 105. Give o(37).
-142
Let d(x) = -5*x**3 - 58*x**2 - 76*x - 21. What is d(-10)?
-61
Let y(j) = -j**3 - 24*j**2 - 115*j - 385. Give y(-19).
-5
Let i(b) = b**2 + 565*b - 4002. Calculate i(7).
2
Let q(c) = 84*c - 2103. Calculate q(25).
-3
Let c(i) = -23*i + 738. Give c(19).
301
Let s(j) = -2*j**2 + 132*j + 415. Determine s(69).
1
Let p(h) = -h**2 + 73*h + 399. Determine p(78).
9
Let r(h) = 7*h**3 - 5*h**2 + 7*h - 3. What is r(3)?
162
Let j(v) = -9*v**3 + 354*v**2 - 116*v - 40. What is j(39)?
-1
Let n(k) = -k**3 - 36*k**2 - 135*k + 615. Give n(-31).
-5
Let v(p) = p**3 - 30*p**2 + 30*p - 27. What is v(29)?
2
Let z(u) = -u**3 - 4*u**2 - 2*u + 4. Give z(-5).
39
Let y(b) = -b**3 + 4*b**2 + 132*b + 93. Calculate y(14).
-19
Let s(f) = -f**2 - 45*f - 521. What is s(-23)?
-15
Let k(n) = -n**3 - 25*n**2 - 25*n - 71. Give k(-24).
-47
Let y(c) = 2*c**3 - 48*c**2 + 52*c + 90. Determine y(23).
228
Let d(l) = -15*l**2 - 84*l + 1. Calculate d(-5).
46
Let m(y) = -12*y + 128. Calculate m(6).
56
Let b(k) = k**3 - 239*k**2 + 1197*k - 6334. What is b(234)?
-16
Let r(p) = -897*p - 1788. Determine r(-2).
6
Let j(n) = -n**2 - 41*n - 284. What is j(-9)?
4
Let r(b) = -281*b**3 + b**2 + 6*b - 7. What is r(1)?
-281
Let u(n) = -37*n + 245. What is u(5)?
60
Let x(j) = -43*j - 250. What is x(-6)?
8
Let q(w) = 3*w**2 + 78*w + 438. Determine q(-18).
6
Let i(v) = -4*v**2 + 11*v - 8. Calculate i(2).
-2
Let a(k) = 113*k - 2245. Calculate a(20).
15
Let c(m) = m**3 - 10*m + 208. Determine c(0).
208
Let o(y) = 59*y**2 + 701*y - 9. Determine o(-12).
75
Let p(j) = -1679*j + 13. Calculate p(0).
13
Let r(k) = -898*k + 1770. Give r(2).
-26
Let t(x) = -4*x**2 - 294*x - 2105. Determine t(-8).
-9
Let c(z) = z**3 + 13*z**2 - 49*z - 12. Determine c(-15).
273
Let h(s) = 815*s - 39911. Determine h(49).
24
Let g(h) = -h**3 + 45*h**2 - 13*h + 644. Calculate g(45).
59
Let m(y) = 242*y**2 - 3*y - 1. What is m(-1)?
244
Let z(y) = -73*y - 142. Determine z(-1).
-69
Let h(d) = -23*d + 609. What is h(25)?
34
Let i(r) = 81*r - 1272. What is i(16)?
24
Let w(d) = -125*d + 191. Determine w(1).
66
Let f(s) = -s**3 + 4*s**2 + 23*s + 4. Calculate f(6).
70
Let s(d) = -d**3 + 10*d**2 + 96*d - 863. Calculate s(12).
1
Let k(n) = -1493*n + 155276. Calculate k(104).
4
Let v(o) = o**3 - 315*o**2 - 5298*o + 5. Determine v(-16).
37
Let g(q) = 2*q**2 + 61*q + 97. Give g(-29).
10
Let z(o) = -134*o - 2972. What is z(-22)?
-24
Let m(r) = -9*r**2 + 12*r + 45. Calculate m(-10).
-975
Let m(o) = 261*o - 1568. Give m(6).
-2
Let m(o) = 480*o + 6281. What is m(-13)?
41
Let y(j) = 8*j**2 - 218*j - 186. Give y(28).
-18
Let u(z) = z**2 - z - 80. Determine u(0).
-80
Let m(a) = -548*a - 2771. Calculate m(-5).
-31
Let w(s) = s**3 - 28*s**2 + 189*s - 20. Give w(11).
2
Let o(q) = -2*q**3 - 17*q**2 + 1772*q + 14213. What is o(-8)?
-27
Let k(y) = 13*y - 76. What is k(5)?
-11
Let m(o) = -520*o - 7818. Determine m(-15).
-18
Let u(c) = -7*c + 42. Determine u(22).
-112
Let h(o) = -23*o**3 - o**2 + 39*o - 38. Give h(1).
-23
Let h(u) = 3*u**3 + 18*u**2 + 9*u + 9. Give h(-7).
-201
Let i(y) = -2*y**2 + 40*y - 66. What is i(20)?
-66
Let v(t) = -68*t + 271. Determine v(4).
-1
Let p(j) = 14*j + 4. Calculate p(-1).
-10
Let a(t) = -t**2 + 150*t - 2253. Give a(17).
8
Let d(s) = -5*s**2 + 2*s + 4. Calculate d(11).
-579
Let a(c) = -c**3 - 7*c**2 + 61*c + 294. Calculate a(-4).
2
Let w(j) = 356*j + 7835. Determine w(-22).
3
Let d(j) = -j**2 + 71*j - 289. What is d(66)?
41
Let z(v) = 4*v**2 + 59*v - 220. Determine z(-18).
14
Let x(h) = -3*h**2 + 55*h - 6. Calculate x(17).
62
Let g(m) = -2*m**3 - 91*m**2 + 43*m - 159. Give g(-46).
-21
Let h(c) = c**3 + 2*c**2 - 199*c - 447. Give h(-14).
-13
Let o(a) = 15*a**3 + 30*a**2 + 17*a + 33. Give o(-2).
-1
Let i(m) = -843*m**2 + 31193*m - 82. Calculate i(37).
-8
Let w(t) = -4*t**2 + 57*t - 30. What is w(15)?
-75
Let g(u) = -21*u**2 - 116*u + 1458. Determine g(6).
6
Let c(x) = -x + 55. What is c(-22)?
77
Let y(d) = 18*d**2 + 647*d - 731. Give y(-37).
-28
Let r(g) = -g**3 + 58*g**2 + 237*g + 589. Calculate r(62).
-93
Let u(f) = 15*f**2 + 53*f + 4. Give u(-5).
114
Let v(k) = k**3 - 9*k**2 + 5*k + 30. Give v(9).
75
Let g(u) = -u**3 + 6*u**2 - 14*u + 5. Calculate g(2).
-7
Let s(h) = 52*h - 381. Give s(8).
35
Let h(y) = 60*y - 3529. Determine h(59).
11
Let y(b) = 941*b + 14111. Give y(-15).
-4
Let o(n) = -12*n**2 - 125*n + 483. Give o(4).
-209
Let b(w) = 2*w**3 + 2*w**2 - 94*w - 75. What is b(-7)?
-5
Let j(l) = -25*l + 200. Give j(9).
-25
Let j(d) = -85*d - 333. Give j(-4).
7
Let h(r) = 2*r**2 + 71*r - 1136. What is h(12)?
4
Let z(j) = j**3 + 5*j**2 - 5*j + 40. Calculate z(-7).
-23
Let b(u) = -u**3 + 19*u**2 - 21*u + 51. Calculate b(18).
-3
Let v(j) = -3*j**3 + 102*j**2 + 2*j - 77. Calculate v(34).
-9
Let c(f) = f**3 - 139*f**2 + 140*f - 274. What is c(138)?
2
Let m(i) = 6*i**2 + 76*i + 656. Give m(-11).
546
Let s(u) = -7291*u - 167687. Calculate s(-23).
6
Let w(x) = 1757*x + 24685. Determine w(-14).
87
Let a(y) = y**3 - 2*y**2 + 18*y + 18. What is a(0)?
18
Let j(q) = 6*q - 68. Calculate j(41).
178
Let k(q) = 347*q + 4716. Calculate k(-14).
-142
Let w(n)